g = -42680, -4*b - 472*g + 85348 = -474*g. What are the prime factors of b?
2, 10667
Let v = -77 + 75. List the prime factors of v/(-1) + 69*1.
71
Let h = 638 - 629. Let y be 0 + (1 + 0 - 7). List the prime factors of (-60)/h*9/y.
2, 5
Suppose -23 + 5 = -4*d - 3*b, 0 = -d - 4*b + 11. Suppose 6*i - 2*i = 3*a - 3129, -3108 = -d*a - 3*i. List the prime factors of a.
1039
Let u = 40631 - 22550. What are the prime factors of u?
3, 7, 41
Let f be ((-696)/(-8))/((-6)/(-14)). Let o = f + 500. List the prime factors of o.
19, 37
Let x(v) = 2*v**2 + 6*v + 8. Let y be x(-2). Suppose -y*p = -3*c - 1367 - 3354, -3*c = -3*p + 3537. Suppose -p = -3*z - 5*z. List the prime factors of z.
2, 37
Let j(q) be the third derivative of q**8/20160 - q**6/120 - 17*q**5/30 + 32*q**2. Let h(b) be the third derivative of j(b). What are the prime factors of h(12)?
2, 3, 23
Suppose 80*w = 73*w + 14. Let q(x) = -43*x**2 + x + 53*x**2 + 1 - 6. List the prime factors of q(w).
37
Suppose -5*n + 17825 = -5*j, 2*n - 7133 = 2*j + 3*j. List the prime factors of n.
2, 3, 11
Let k(d) = 2*d**2 - 5*d + 4. Let y be k(0). Suppose 0 = -5*z + 10, 20 = -2*o - y*z + 2080. What are the prime factors of o?
2, 3, 19
Let x be (1/(-7))/(1162/196 + -6). Let u be 1*-106 - (-6)/3. What are the prime factors of 127/x*(-13)/(u/16)?
127
Suppose -4*i + 15243 + 9453 = 0. List the prime factors of i.
2, 3, 7
Suppose 9 = 5*y - 6. Suppose -5*a + 2 = -y*a. Suppose i = -3*z + 101, 5*i + 19 + a = 0. What are the prime factors of z?
5, 7
Let b = 8686 - -2225. What are the prime factors of b?
3, 3637
Suppose -9 = -26*p + 43. Suppose 424 = p*v - 116. What are the prime factors of v?
2, 3, 5
Suppose 0 = 2*f - 105 + 97. Suppose 5 = s + c - 2, -f*s - 2*c + 24 = 0. Suppose -s*m + m = -396. What are the prime factors of m?
3, 11
Let x = 1622 + 1200. List the prime factors of x.
2, 17, 83
Let k = 43103 + -23444. What are the prime factors of k?
3, 6553
Let m be (0 - 0/2)*65/(-130). Suppose 5*q + 4*z + 195 - 1385 = m, -5*q - 2*z + 1180 = 0. What are the prime factors of q?
2, 3, 13
Suppose 2*w - 8309 = -5*w. Suppose -4*o + 2*d = -1592, 3*o + 0*o - w = -2*d. List the prime factors of o.
397
Let r be ((-10)/6)/(595/30 + -19). Suppose 5*u = g - 3*g + 511, 519 = 2*g - 3*u. List the prime factors of (-3)/((-525)/g - r).
2, 43
Suppose -2*y = 3*p + 35 - 10, -37 = 2*y - p. Let l = -54 - y. Let c = -28 - l. List the prime factors of c.
3
Let m be 2328/136 - (-8)/(-68). Let n(z) = -z**3 + 15*z**2 + 33*z + 23. Let d be n(m). Suppose d*c - 2*c = 740. What are the prime factors of c?
5, 37
Suppose -942 - 13294 = -a - 5*r, 2*r = 5*a - 71099. List the prime factors of a.
14221
Suppose u = 3*q + 12100, 0 = 2*u - q - q - 24216. List the prime factors of u.
2, 757
Let p = -30 - -32. Suppose 19 + 161 = p*d. Let r = -7 + d. What are the prime factors of r?
83
Suppose 39 = 4*f - 35*w + 40*w, -2*w - 74 = -4*f. Suppose -23*k - f*k + 11622 = 0. List the prime factors of k.
2, 149
Let y = 24895 + -12406. List the prime factors of y.
3, 23, 181
Suppose -22*k - 18*k = -27*k - 158717. What are the prime factors of k?
29, 421
Let g = 411 + 23. Let y = g + -350. List the prime factors of y.
2, 3, 7
Let m be (18 - 19)/((-32)/31 + 1). Let y = -27 + m. What are the prime factors of y - 7/(14/(-30))?
19
Let k = -7908 - -12531. List the prime factors of k.
3, 23, 67
Let r = 183 - 449. Let t = r - -791. List the prime factors of t.
3, 5, 7
What are the prime factors of ((-174)/261)/(5 + (-1963864)/392772)?
2, 71, 461
Suppose -2*u = -3*f + 72768, 4*f + 6*u - 97070 = u. List the prime factors of f.
2, 5, 1213
Suppose 0 = 9*p - 9. Let s(l) = -17*l - 27. Let o(h) = -h. Let a(d) = p*s(d) - 2*o(d). List the prime factors of a(-9).
2, 3
Let t(i) = -10*i + 22. Suppose -9 = -4*k - 25. List the prime factors of t(k).
2, 31
Let k = 10309 - 5545. What are the prime factors of k?
2, 3, 397
Let x = 5145 + -3321. Let q = x + -569. Suppose 15*y = 530 + q. List the prime factors of y.
7, 17
Let r(p) = 271*p + 12. Let f be r(1). Let x = f + -211. List the prime factors of x.
2, 3
Let c = -33 + 36. Suppose -2*l = -4*x - 8, -l + c*x - 1 = -2. List the prime factors of l.
2, 5
Suppose 0 = -122*p + 2044656 + 1383788. List the prime factors of p.
2, 14051
Let x(w) = -107*w + 1900. What are the prime factors of x(-35)?
5, 1129
Suppose -s = m, 7*m = 11*m - s - 20. Suppose -m*h + 2917 = 3*t - 6*h, -t + 994 = -5*h. List the prime factors of t.
3, 17, 19
Let g = 653 + 39. Suppose g = -20*l + 2272. What are the prime factors of l?
79
Let b = -11164 + 50703. List the prime factors of b.
19, 2081
Suppose -2*i = 4*j - 18, -2*i - 2*j + 9 = -3. List the prime factors of 1635/i - -6 - (-5 + 2).
2, 277
Let i(u) = -8*u - 13. Let h be i(-13). Suppose 0 = -95*w + h*w + 156. Suppose 7 = -4*c + w. What are the prime factors of c?
2
Let v = 32367 + -9411. List the prime factors of v.
2, 3, 1913
Let z(h) = -898*h + 1280. What are the prime factors of z(-4)?
2, 3, 7, 29
Suppose -5*h - 2*o = 2*o + 29, 5*o - 56 = 4*h. What are the prime factors of (-45)/h - (-272 - (-4)/2)?
5, 11
Let a be (-216)/(-20)*(-40)/(-24). List the prime factors of -543*(-12)/(-8)*(-8)/a.
2, 181
Let s = 216 + 114. Suppose 0 = 8*a - 3*a - s. Let y = a + -45. List the prime factors of y.
3, 7
Let l(y) = -y**3 + 10*y**2 + 27*y - 6. Let k be l(12). Let b(h) = k*h + 33*h - 1 - 4 - 54*h. List the prime factors of b(7).
2, 29
Let a = 4384 + -6226. What are the prime factors of (-2 - 0)/(6/a)?
2, 307
Suppose 12*i = 251*i - 3272866. What are the prime factors of i?
2, 41, 167
List the prime factors of (19287/(-12))/(6 + (-2)/16*50).
3, 2143
Suppose -2*p + 3 + 2 = 5*q, p + 4 = 4*q. Let o(c) = 32*c**2 - 3*c + 1. Let l be o(q). Suppose h - 51 = -u + l, -5*u + 375 = -h. List the prime factors of u.
2, 19
Let x(w) = w**2 + 3*w - 23. Let a be x(-7). Let s(i) = 2*i - 5. Let c be s(a). Suppose -5*y - 2*v + 84 + 78 = 0, -c*y = -2*v - 158. List the prime factors of y.
2
Suppose -h + 8 = 0, 3*h = -c + 109552 - 37958. What are the prime factors of c?
2, 5, 17, 421
Let p(q) = q**3 - 12*q**2 + 14*q + 62. Let t be p(10). Suppose 5*b = -4*i + 3832, -3*i + 6*b = t*b - 2843. List the prime factors of i.
953
Suppose -13919 + 2741 = -h - 3*p, -3*h - 3*p + 33510 = 0. List the prime factors of h.
2, 3, 1861
Suppose -8*o + 4*o - 20 = 0. Let w(m) = 4*m - 5. Let u(g) = 4*g - 4. Let s(r) = o*w(r) + 6*u(r). What are the prime factors of s(17)?
3, 23
Let k = 85 - 83. What are the prime factors of 472 - (k + -6 - (2 - 9))?
7, 67
Let k = -36 + 46. Let t = 17 - k. Suppose 4*v = -g + 559, 2*v + 710 = t*v - g. List the prime factors of v.
3, 47
Let g(s) = -59*s + 50. Let q be g(-6). Suppose 6*n - q = 496. List the prime factors of n.
2, 3, 5
Let b(v) = -v**3 - 39*v**2 - 98*v - 188. Let d be b(-42). Suppose 9*h = 1580 + d. What are the prime factors of h?
2, 3, 5
Suppose 2*i + 8 = 0, 23*m + 158 = 24*m - 2*i. Let n = 730 - m. List the prime factors of n.
2, 5, 29
Let m(y) = -26*y - 28. Let o be m(-13). Suppose 4 + 1 = n, -5*p - o = -4*n. What are the prime factors of 8/20 - p/5?
2, 3
Let q be ((-4)/(-17))/(-2) + 6650/5950. List the prime factors of 1903 + (-369)/(-90) + q/(-10).
1907
Suppose -3*u - 2*l + 20 = 2*u, 0 = -2*u + l + 17. Let t(y) = -2 + u*y - 4*y + 2*y**2 + 5*y. List the prime factors of t(-8).
2, 5, 7
Suppose 0 = 271*z - 3320420 - 1231838. List the prime factors of z.
2, 37, 227
Let t(m) = 18*m - 15 + 17*m - 40*m + 2. Let d be t(-3). Suppose 873 = 4*c - 5*w, -3*c = -0*c + d*w - 649. List the prime factors of c.
7, 31
Let s(h) = 8 + 2*h + 0*h - 2*h**3 - 6*h**2 + 0*h - 4*h**2. What are the prime factors of s(-8)?
2, 47
Let q(p) = 2*p - 25. Let o be q(-9). Let h = o - -43. Suppose 33*l - 27*l - 942 = h. List the prime factors of l.
157
Let f = -9220 - -5936. Let z = -2311 - f. What are the prime factors of z?
7, 139
Suppose 0 = 5*i - r - 102, -i + 5*i = r + 82. Suppose 79*h = 77*h + i. Suppose 0 = h*n - 711 - 339. What are the prime factors of n?
3, 5, 7
Let i(g) = -4*g - 30. Let j be i(-3). Let n(s) = -44*s - 67. List the prime factors of n(j).
5, 29
Let y(c) = 4*c**2 - 102*c + 402. List the prime factors of y(41).
2, 23
Suppose 40903 = 11*t + 9311. Suppose 73*n = 75*n - t. What are the prime factors of n?
2, 359
Suppose 2241 + 1512 = 9*p. Suppose -272 